= o + l. What are the prime factors of z?
3, 13
Suppose -2 = -0*d - d. Let k(p) = p**3 - 21*p - 2*p**3 + 5*p - 20*p**d - 25 - 6*p. List the prime factors of k(-19).
2
Suppose 64 + 32 = 8*f. List the prime factors of f/(-8)*-1*42.
3, 7
Let n(f) = f**2 - 7*f - 48. Let b be n(11). What are the prime factors of 194/(-8)*b*1?
97
Let f be (-4)/(-14) + 316/(-28). Let k(x) = -x**3 - 9*x**2 + 7*x - 20. What are the prime factors of k(f)?
5, 29
Suppose 0 = -3*y - 5*t + 5, 0 = -4*y + t + 16 + 6. Let c(j) = -j**2 - 9*j + 3 - y + 16*j + 7*j. What are the prime factors of c(13)?
11
Suppose -4 = 3*q + g, 3*q + g + 7 = -q. Let v be (-2)/((-2)/q) + 3. Suppose -3*m + 4*m - 5 = v. List the prime factors of m.
5
Suppose 8748 = 6*m - t + 2206, -4*m - 2*t + 4372 = 0. List the prime factors of m.
1091
Suppose -5*a = -0*a - 5. List the prime factors of (a + -3)*(-3 - (-42)/(-12)).
13
Let m(q) = 5*q + 11. Let i be m(11). Let w = i + -44. Let o = w + -15. List the prime factors of o.
7
Suppose -8 = 4*i, 4*f + 2*i - 9598 = i. List the prime factors of f.
2, 3, 5
Let a(f) = 6*f**3 + 3*f**2 + 8*f + 3. Let b(z) = -z**3 - z**2 - z - 1. Let m(k) = a(k) + 5*b(k). What are the prime factors of m(4)?
2, 3, 7
Let u(f) = -127*f - 54. List the prime factors of u(-8).
2, 13, 37
Let i(d) = 25*d**2 + 33*d - 314. List the prime factors of i(9).
2, 251
Let x(u) = u**3 - 4*u**2 - 2*u. Let j be x(5). Suppose -2*i = 3*i - j. Suppose 2*w = v - 13, -i*w + 4 = -5. List the prime factors of v.
19
Let l be -8 + (-2 - -6) - -9. Suppose -5*m + 5*g = 5, -l*m - 2 = g + 3. What are the prime factors of 57 + (-2)/(1/m)?
59
Let u(n) = 9*n - 6*n + 3*n - 20 + n**2. List the prime factors of u(5).
5, 7
Let l = -706 + 1202. Let y = l - 258. What are the prime factors of y?
2, 7, 17
Let a = -465 - -609. List the prime factors of a.
2, 3
Let w(n) = -3*n - 41. Let z be w(-12). List the prime factors of 832/10 + (-1 - 4/z).
83
Let t be (459/34)/((-1)/(-2)). Let n = 46 - t. What are the prime factors of n?
19
Let j be (-3 - -3)/(-2) + 0. Let v be (-156)/(-3 - j) - 0. Suppose 5*i - 3 = -w, v = 2*w + 5*i + 21. What are the prime factors of w?
2, 7
Suppose 4*b - 5*b + 4*w - 59 = 0, -4*b - 3*w - 198 = 0. Let o(r) = 72*r + 1. Let g be o(1). Let d = g + b. List the prime factors of d.
2, 11
Let a(v) = 17*v**2 - 8*v - 54. What are the prime factors of a(12)?
2, 3, 383
Suppose 23*f - 2026 = 18858. List the prime factors of f.
2, 227
Let l(o) = -15*o**3 - o**2 - 2*o - 1. Let z be (-1)/1 - (-6 + -35). Let r be (-2)/10 + (-32)/z. List the prime factors of l(r).
3, 5
List the prime factors of (-1333 + -5)*(14/(-4))/7.
3, 223
Let m(v) be the second derivative of 0 + 1/6*v**4 + 2/3*v**3 - v + 0*v**2. What are the prime factors of m(-5)?
2, 3, 5
Let t(x) = x**2 + 2*x - 4. Let h(p) = -p**2 + 7*p - 3. Let o be h(6). Let n be t(o). List the prime factors of 1*17 - (-10 + n).
2
Let n(l) = -l**3 - 4*l**2 + 13*l + 9. Let j be n(-7). Let q = j + -35. List the prime factors of q.
2, 3, 5
What are the prime factors of -6 - (-1163 + (-6 - -1))?
2, 7, 83
Suppose 3*a = 7*a - 652. Suppose -k + a = g - 3*g, -4*k + 704 = 5*g. List the prime factors of k.
3, 19
Suppose 171 + 9 = 2*f. Let z = f - 6. What are the prime factors of 72*(-7)/(z/(-8))?
2, 3
Let a(m) = -m**2 + 18*m - 15. Suppose 0 = 5*u + 20. Let w be (u + 1)/((-12)/52). What are the prime factors of a(w)?
2, 5
Suppose -k = 2*c - 47, 0 = -2*c - 3*k + 38 + 7. Suppose -c = -3*b + 2*q, 3 = -2*q - 3. List the prime factors of b.
2, 3
Let k be ((-10)/(-4) - 2)*206. Let d = k + -54. What are the prime factors of d?
7
Let t be (-8)/12*(-183)/(-2). Suppose 70 = -5*p + 3*a, -4*a - 19 = 2*p + 9. Let r = p - t. What are the prime factors of r?
47
Let p(d) = d**2 + 23. Let v be p(0). Let c = v + -18. Suppose 0 = 3*k + 2*q - 59, 0 = -c*k + 2*k + 5*q + 52. List the prime factors of k.
19
Suppose 4*t - 5*m = 487, 4*t = 7*t + 4*m - 404. Suppose -3*y + 330 = 3*d, d + t = y + 24. List the prime factors of y.
107
Let p(x) = 2*x**2 + 50*x + 385. List the prime factors of p(-31).
757
Let z(d) = 72*d + 72. List the prime factors of z(17).
2, 3
Let i be (-28)/(-5)*(-75)/(-30). Let c = -10 + i. Suppose -c*s + 33 = -27. List the prime factors of s.
3, 5
Let v(p) be the first derivative of -49/4*p**4 - 1/2*p**2 + 0*p**3 + 0*p + 6. List the prime factors of v(-1).
2, 5
What are the prime factors of -125*2/(-4)*2?
5
Let u = -2 - -15. Suppose 10*n = u*n - 369. List the prime factors of n.
3, 41
Suppose 5*y = 5*a - 30, -5*y = -a + 2*a + 6. Suppose 5*x - 2 = 4*x. What are the prime factors of (4/a)/(x/42)?
3, 7
Let a(j) = -j + 2. Let p be a(12). Let x = p - -9. Let r = x + 3. What are the prime factors of r?
2
Suppose -10 = j + 3*d, 0 = -5*j + d + 8 + 6. Suppose 5*l - 4*c = 510, -c = j*l - 86 - 131. What are the prime factors of l?
2, 53
Let l(z) = 6*z**2 + z + 6. List the prime factors of l(-10).
2, 149
Suppose 0 = 3*s - 2*v + 15, 3*s + 5*v + 38 = 2. What are the prime factors of s/((-245)/10) + 1396/14?
2, 5
Suppose -47 = 3*s + 6*a - a, 3*s = -3*a - 57. Let c = s - -39. Let v = c - -2. List the prime factors of v.
17
What are the prime factors of 2/(-25)*-145*5*5?
2, 5, 29
Let o(c) = c**3 + 16*c**2 + 14*c - 13. Let f be o(-15). Suppose 2*i - 192 = -f*k, -3*k = -i - 0*i - 308. What are the prime factors of k?
101
Let h be 1*(-1 - -1 - 1). Let x(m) = 5*m + 1. Let s be x(h). Let r = 21 - s. What are the prime factors of r?
5
Let x(c) = -2*c**2 - 39*c - 24. Let l be x(-25). List the prime factors of (-39514)/l - (-2)/(-13).
2, 3, 11
Let k = -8 + 5. Let g = 0 - k. Suppose g*y = 4*z + 38, 0*y + y + 2*z = 16. List the prime factors of y.
2, 7
Suppose 2*o = -3*w - 32 - 54, 5*o + 20 = 0. Let p = -28 - w. Let t = p + 19. List the prime factors of t.
17
Suppose -984 = 39*b - 43*b. Let d = b - 149. List the prime factors of d.
97
Let x = 0 + 4. Let r be x - 8/(-20)*-5. Suppose -r*t + 108 = 2*t. What are the prime factors of t?
3
Let v(r) = 2*r**2 - 7. Let o be v(5). Let m = 103 + -118. Let n = o - m. List the prime factors of n.
2, 29
Let o(u) = -4*u**2 + 6*u**2 + 6*u + 0*u. What are the prime factors of o(-5)?
2, 5
Let n(c) = 9*c**2 + c. Let g be n(1). List the prime factors of 1161/(-6)*g/(-15).
3, 43
List the prime factors of (-3 - 257/2)*-2.
263
Let l(c) = -25*c - 16. Let y be -1 + (3 - (-10)/(-2)). List the prime factors of l(y).
59
What are the prime factors of 2/(-20) - 210165/(-150)?
3, 467
What are the prime factors of 526 - ((-6)/4)/(102/(-136))?
2, 131
Let i be (-68)/170 - 2/10*-52. Suppose i = 5*x, x - 131 = 5*h - 8*h. List the prime factors of h.
43
Let k = -389 + 629. Suppose 0*n - 2*n = -k. What are the prime factors of n?
2, 3, 5
Suppose -3*p + 770 = -p. Let h = -219 + p. What are the prime factors of h?
2, 83
Let b(o) = 1691*o**2 + 82*o - 81. List the prime factors of b(1).
2, 3, 47
Suppose -4*d + 20 + 76 = 0. Let v be (-13 - -11)*6/(-4). What are the prime factors of -90*(-4)/d*v?
3, 5
Suppose -k = 3*v + 2, 2*v + 3*k = -1 + 2. Let q be 87 - v*(-4 - -1). Suppose -2*r = -6*r + q. What are the prime factors of r?
3, 7
Suppose -5*g = -u + 352, 8*g - 1739 = -5*u + 12*g. List the prime factors of u.
347
Let l(d) = 44*d. Let o be l(-2). Let r = o - -113. What are the prime factors of r?
5
Let g(l) = -3*l + 7*l - l - 4*l - 7. Let q be g(-5). List the prime factors of 1 + (2 + q - -15).
2
Let t = 38 + 13. Suppose -4*f = -f - t. What are the prime factors of f?
17
Suppose 2*n - 2 = n. Let f = 2 + -2. Suppose f = n*j - 13 - 5. What are the prime factors of j?
3
Suppose -2*k + 3*f = -1950, -k = -5*k + f + 3890. What are the prime factors of k?
2, 3
Let h = 247 - -1569. What are the prime factors of h?
2, 227
Let k = -17 + 38. Let s = k - 17. List the prime factors of s.
2
Let n(b) = b**2. Let k(i) = -i**3 - i**2 - 3*i - 2. Let q(h) = -k(h) + 2*n(h). Let m be q(-2). Suppose 7*x - 3*x - 112 = m. What are the prime factors of x?
2, 7
Let n be (-134)/(-10) + (-3)/(-5). Suppose 17*h - 15*h - n = 0. What are the prime factors of h?
7
Suppose -v + 6666 = -3*l + 1641, l + 5015 = v. List the prime factors of v.
2, 3, 5, 167
Suppose 0 = z - 2*i - 1458, -7*z - 5843 = -11*z - 3*i. List the prime factors of z.
2, 5, 73
Suppose 3*k - 162 = 237. Let h = k + -205. List the prime factors of 1/((-4)/h) + -3.
3, 5
Let j(k) = -6*